2272 - 2206. What is the remainder when 230 is divided by b?
32
Suppose 22 = 4*l - 94. Suppose 5*n + 5*t = 15, 0 = 2*n - 15*t + 12*t - 31. Calculate the remainder when l is divided by n.
5
Suppose -5*v - 4*l + 101 = 0, 3*l = -5*v + 8*l + 65. Suppose 0 = -c + 5*j - 4, -2*j - v = -c - 4*j. What is the remainder when 241 is divided by c?
10
Let j be (-1 - -51)*90/(-45). Suppose 3*u + l + 76 = 0, 3*u + 4*l - 47 = 4*u. Let w = u - j. What is the remainder when w is divided by 25?
23
Suppose 495 - 25 = 10*c. Suppose 756 = 6*g - 2*g. Suppose 2*w - 5*t - g + 15 = 0, -5*w - t + 462 = 0. Calculate the remainder when w is divided by c.
45
Let y(f) = -5*f**3 - 5*f**2 + 5*f - 1. Let n be y(-4). Let s = -100 + n. Calculate the remainder when s is divided by 8.
7
Let y(h) = -h**3 + 18*h**2 + 9*h - 1. Calculate the remainder when y(4) is divided by 56.
35
Let v(k) = k**3 + 8*k**2 + 7*k + 1. Suppose 24 = -7*f + 10*f. Suppose 0 = f*q + q + 45. What is the remainder when 80 is divided by v(q)?
39
Let z be 0 + (-18)/12 - (-707)/2. Suppose -3*s + 5*s - 88 = -b, 0 = 4*b + s - z. What is the remainder when b is divided by 2/(142/46 + -1 + -2)?
19
Let x(s) = s**3 - 25*s**2 + 48*s - 28. Suppose 3*o - 80 = -11. Suppose -30 = -2*b - b. Calculate the remainder when x(o) is divided by b.
8
Let s(i) = -i**3 - 5*i**2 - i + 9. Let j be s(-4). Let d(l) = 4*l**2 - 9*l - 16. Calculate the remainder when d(j) is divided by 3.
2
Let g be (-1 - (-391)/(-3))*(-1 - 2). Let q = 431 - g. Calculate the remainder when 72 is divided by q.
35
Suppose 3*u = -c + 299, c + 144 = u + 443. Calculate the remainder when c is divided by 25.
24
Let c = -274 + 305. Suppose 0 = 3*j - c - 62. What is the remainder when 247 is divided by j?
30
Let n = -668 + 685. Suppose -l - 138 = -5*q + 2*q, 0 = -4*q + 4*l + 176. What is the remainder when q is divided by n?
13
What is the remainder when 2103/5 + ((-54)/225)/((-16)/(-40)) is divided by 381?
39
Let h(r) = -49*r - 1440. What is the remainder when 188 is divided by h(-30)?
8
Let y(h) = 4*h + 127. Suppose -8*u = -1254 + 1230. What is the remainder when y(u) is divided by 16?
11
Let w(k) = -k + 3. Let d be w(3). Suppose 5*t - m - 69 = d, 2*m = 3*t - 32 - 15. What is the remainder when 126 is divided by t?
9
Let v(h) = 4*h**3 + 2*h**2 + 2*h. Let w be v(-1). Let n be (6/4)/(w/(-8)). Suppose 8*u - 20 = n*u. Calculate the remainder when 18 is divided by u.
2
Let f(r) be the third derivative of 11*r**4/24 - 7*r**3/3 - 3*r**2 - 11. Calculate the remainder when 112 is divided by f(3).
17
Let b be 28/8 + ((-6)/(-4))/3. Suppose -3*j + b = -5*y - 4, 5*y = 25. Calculate the remainder when 79 is divided by j.
2
Suppose 6531 = -506*s + 28289. Suppose -2*y = -4*i + 34, -5*i - 2*y + 22 = -i. What is the remainder when s is divided by i?
1
Suppose 5330 = 28*l - 53890. Calculate the remainder when l is divided by 65.
35
Let q = 136 + -108. What is the remainder when q is divided by (-11)/((-110)/96) + 8/20?
8
Suppose 0 = -4*d + 8, -378 = 19*h - 20*h + 3*d. Calculate the remainder when 250 is divided by h/21 - (-15)/((-525)/10).
16
Let n = 115 + 83. Suppose -d + 95 = f, 292 = 2*f + f - 4*d. Calculate the remainder when f is divided by (-4)/(-10) - (n/(-5) - -7).
30
Let d = 362 - 165. Let g = 173 - 850. Let q = -637 - g. What is the remainder when d is divided by q?
37
What is the remainder when 1735 is divided by (25 + -17 + -9)*1*-433?
3
Calculate the remainder when 1098 is divided by ((-8 + 112/12)*258/4)/1.
66
Suppose -46*w = -178129 + 32493. What is the remainder when w is divided by 11?
9
Suppose 0 = 3*l - 3*c - 816, 91*c - 802 = -3*l + 87*c. What is the remainder when l is divided by 122?
26
Suppose -s = 4*j - 78, 11*j - 8*j = 4*s - 293. Calculate the remainder when (-37)/s*(-303 - -1) is divided by 11.
8
Let d(o) = -2*o**3 + 7*o**2 + 9*o - 27. What is the remainder when 3306 is divided by d(3)?
3
Let a = 4646 - 4553. What is the remainder when a is divided by 70?
23
Let g(x) be the second derivative of -x**5/20 - x**3/3 - 2*x**2 + 39*x. Let s be g(0). Calculate the remainder when 15*(17 + s/2) is divided by 19.
16
Let a = -1227 - -1343. What is the remainder when 582 is divided by a?
2
Let o(g) = -2*g**2 - 58 + 14*g + 13*g**2 + 28 + 33 + g**3. What is the remainder when o(-4) is divided by 42?
17
Let q = 22377 - 22110. Calculate the remainder when 544 is divided by q.
10
Let p(v) = 2*v**2 - 10*v - 2. Let w be p(5). Suppose 0 = 2*n - 4*t - 88, 0 = -4*t - 10 + 2. Calculate the remainder when n is divided by ((-66)/(-18))/(w/(-6)).
7
Let l(a) = a**3 - 6*a**2 + 2*a - 6. Let b be l(6). Let h be 20/(-30) - 6/(-9). Suppose -7*q + b*q + 16 = h. What is the remainder when 43 is divided by q?
11
Suppose 5*k - 62565 = 4*q, 0 = -904*k + 907*k - q - 37532. Calculate the remainder when k is divided by 30.
29
What is the remainder when (-288)/(-192)*3664/12 is divided by 22?
18
Suppose 93*c + 294 = 2433. What is the remainder when 595 is divided by c?
20
What is the remainder when 314 is divided by (-80)/42 + (-102)/1071 - (-21 - -1)?
8
Suppose -581*t + 4492 = -461*t - 1748. Calculate the remainder when t is divided by 28.
24
Let x(q) = q**2 + q. What is the remainder when ((-14)/(-3))/(-4 + (-868)/(-210)) is divided by x(-5)?
15
Let t(r) = 39840*r - 72 - 191 - 39863*r. Calculate the remainder when 105 is divided by t(-13).
33
Let q(d) = 2*d**3 - d**2 - 6*d + 7. Let z be q(10). Suppose -6*o - 1361 = -z. What is the remainder when o is divided by 26?
3
Let n(g) = -11*g - 59. Let c(j) = -2*j**2 + 14*j + 6. Calculate the remainder when n(-6) is divided by c(7).
1
Let c be 8/(-44) - 114/(-22). Let k be c + (45/3)/1. Suppose 0 = -d + 4*x + 127, -3*x = -8*x - k. What is the remainder when d is divided by 29?
24
Suppose 0 = 2*y - 608 - 838. Let b = 747 - y. What is the remainder when 67 is divided by b?
19
Let u(f) = -13*f - 68. Let p(b) = -3*b - 25. Let d be p(-5). Calculate the remainder when u(d) is divided by 17.
11
Let r = -2995 - -3110. What is the remainder when 698 is divided by r?
8
Suppose 5*s = -x + 17, 5*x + 8 - 30 = -4*s. Suppose -3*o + s*n + 15 = -12, 3*o = -n + 7. Let f = -2 + 5. What is the remainder when o is divided by f?
1
Let w(i) = -5*i - 7. Let s be w(-4). Suppose -560 = -9*n + s*n. Calculate the remainder when n/21*18/(-15) is divided by 5.
3
Let x(r) = 2*r**2 - 37*r - 65. What is the remainder when x(-9) is divided by 113?
91
Let r(i) = -i**3 - 14*i**2 + 2*i + 52. What is the remainder when r(-14) is divided by (19 - 24)/((-10)/4)?
0
Suppose 2*n + 2*h - 1008 - 170 = 0, h + 591 = n. Calculate the remainder when n is divided by 173.
71
Suppose -4 = -8*f + 4*f. What is the remainder when (-3)/f + 8 + 35 is divided by (-3)/6 + 93/6?
10
Calculate the remainder when 1922 is divided by (-41)/((-656)/(-3776))*-4.
34
Let c(x) = -x + 11. Suppose -7*d + 12 = -2. What is the remainder when (-24)/(-9)*(1 - (-34 + 2)) is divided by c(d)?
7
Suppose p - 6 = -2*l, 390*p = 394*p + 5*l - 42. Calculate the remainder when 4675 is divided by p.
13
Suppose 8*i = 15*i - 1792. Suppose -665*w = -673*w + 344. What is the remainder when i is divided by w?
41
Let q(x) = 3*x - 3. Let m be q(7). Let s = m - 18. Suppose 6*y + 6*y - 72 = s. What is the remainder when 21 is divided by y?
3
Let x be 2/(-3)*-12 - 1. Suppose x*k = -2*k + 261. Let g = k - 9. What is the remainder when g is divided by 7?
6
Suppose -4*z - 215 + 43 = -4*o, 4*o - 3*z - 164 = 0. Calculate the remainder when 3043 is divided by o.
33
Suppose -834 = -3*j - j - 2*s, -814 = -4*j + 2*s. Suppose 0 = -65*v + 63*v + 5*z + 63, 9*z + 77 = v. What is the remainder when j is divided by v?
10
Let r(o) = -106*o + 46. What is the remainder when r(-2) is divided by 2/4 - 525/(-42)?
11
Let v be -2 - (-7)/7*7. Suppose -v*b - 5*n = -4*n - 86, 12 = -3*n. Suppose -4 = 4*i + 4*m, -21 + 5 = -4*i + m. Calculate the remainder when b is divided by i.
0
Suppose 237*a - 157224 = -40893 + 62367. Calculate the remainder when 3019 is divided by a.
3
Let d(v) = v**2 - 83*v + 1843. What is the remainder when 627 is divided by d(41)?
22
Let l = 104 + -48. Suppose -204 = -2*y - w + 347, -2*y + 2*w + 560 = 0. Calculate the remainder when y is divided by l.
53
Let b be 41 - ((-35)/(-21) + (-4)/6). Let m(q) = 24 - b*q + 76*q - 35*q. Calculate the remainde